test common factor of z and 56?
8
Suppose 0 = -s + 1 + 14. Calculate the greatest common factor of 3 and s.
3
Let m(c) = 3*c - 4. Suppose 9 - 3 = 2*r. Let b be m(r). Suppose 3*k + b*l - 72 = 0, -k - 2*l - 24 = -2*k. What is the highest common divisor of k and 120?
24
Let v(c) = c - 2. Let m be v(5). Let j(f) = 8*f**2 - 4*f - 3. Let g be j(4). Suppose -m*s - 37 = -g. Calculate the highest common factor of s and 192.
24
Suppose 15 = 7*y - 55. What is the highest common divisor of 80 and y?
10
Let l be (-92)/(-20) - 2/(-5). Suppose -3*o + 2*o = s - 10, -l*s + 50 = -3*o. What is the greatest common divisor of s and 5?
5
Let a be (-1)/((-3)/4)*6. Suppose 5*s = 2*c - 117, -1 = -2*s + 3*s. Calculate the greatest common divisor of a and c.
8
Let r = 16 + -10. Suppose 0 = -r*f + 5*f + 23. Calculate the greatest common factor of 253 and f.
23
Let m(l) = 4*l**2 - l + 1. Let f be m(1). Suppose -5 = c - 3*b, f*b + 4 - 34 = -c. Suppose -12 = n - 102. Calculate the highest common divisor of c and n.
10
Let x(k) = -k**3 + 8*k**2 + 5*k + 7. Suppose 0 = 3*h + 16 + 11. Let b be 2/3 - 57/h. Let r be x(b). Calculate the greatest common divisor of r and 13.
13
Let j be 30/(-45)*3*-3. Calculate the greatest common divisor of j and 66.
6
Let j be 12/5 + -4 + (-18)/(-5). What is the highest common factor of 10 and j?
2
Suppose b = f - 2*f, -2*f = -4*b + 18. Suppose -3*q = -5*t - 8*q + 45, t - b*q - 17 = 0. Suppose 7*h - 495 = 2*h. What is the greatest common factor of h and t?
11
Let a = -161 - -176. What is the greatest common divisor of 120 and a?
15
Let r(i) = -8*i + 14. Let u be r(-5). What is the highest common factor of 72 and u?
18
Let v(f) = -f**2 - 16*f + 25. Let b be v(-17). What is the highest common divisor of b and 40?
8
Let d be 21 + (-4)/14 + 18/14. What is the highest common factor of d and 33?
11
Let n(z) be the third derivative of 25*z**4/4 - z**2. Let r be n(4). Suppose 2*q = 7*q - r. What is the highest common factor of q and 15?
15
Let m be 4*-2*3/(-8). Suppose 0*x - m*x + 297 = 0. Calculate the highest common divisor of 9 and x.
9
Let r(c) = -2*c**2 - 7*c - 4. Let w be r(-5). Let d = w + 27. What is the highest common divisor of 2 and d?
2
Suppose 3*b + 47 = 2. Let r be -1 - (-4 - -1) - b. What is the greatest common divisor of 153 and r?
17
Let i(b) = 19*b**2 + b. Let f be i(1). Suppose k = h - 4*h + 477, 3*h + 5*k - 465 = 0. Calculate the greatest common factor of h and f.
20
Let p(q) = -q**3 - q**2 - 3*q + 3. Let o be p(-3). Let z = -17 - -92. Calculate the highest common divisor of z and o.
15
Suppose -4*t - 5*a + 103 = 0, a - 5*a = -12. What is the greatest common divisor of t and 11?
11
Suppose -2*s - 12 = -110. Calculate the greatest common divisor of 7 and s.
7
Let n be (1 - 2/(-10))*15. Let c = -8 - -2. Let h = 3 - c. Calculate the greatest common divisor of h and n.
9
Let g = -6 - -54. Let c(m) = m**3 - m**2 + m + 12. Suppose q - 4*b = 4, -4*q - 3 = -b - 4. Let f be c(q). What is the highest common factor of g and f?
12
Let x(z) = -z**3 + 6*z**2 + 17*z - 6. Let n be x(7). What is the greatest common divisor of 4 and n?
4
Let b(t) = 6*t**3 - t**2 - t + 4. Let w be b(3). Let d = -6 - -12. Let h(x) = x + 8. Let q be h(d). What is the highest common factor of w and q?
14
Suppose 3*d = 5*o + 97, -7*d + 3*d - 3*o = -168. Suppose 5*m - d = 51. Calculate the highest common divisor of m and 2.
2
Let x = 33 - 18. Suppose 3*a - 2*i - 72 - 23 = 0, -2*i - 66 = -2*a. Let n = a - x. What is the highest common divisor of 56 and n?
14
Suppose -2*c = 1 - 9. Suppose x = -4*p + 35, -11 = -4*p - c*x + 21. Let q be (1 - 2)/((-3)/p). What is the greatest common divisor of 3 and q?
3
Let z = 1281 - 709. Suppose 0 = -0*o + 4*o - z. What is the highest common divisor of 13 and o?
13
Suppose -4*c = -6*c + 12. Suppose c + 6 = 2*u. What is the greatest common factor of 48 and u?
6
Suppose 16 = 5*f + 1. Suppose -2*h - w + 27 = f*h, 3*h - 5*w = 33. What is the greatest common divisor of h and 18?
6
Let i = -72 - -117. What is the greatest common factor of 10 and i?
5
Suppose -20*k + 23*k = -3*m + 117, -5*m + 4*k = -159. Let j(l) = 2*l**2 + 4*l - 1. Let g be j(-3). What is the highest common factor of g and m?
5
Let t be (2 - -3)/((-2)/(-2)). Let o = t - 2. Suppose -o*u + 7 = -29. What is the highest common divisor of 48 and u?
12
Let x(s) = s + 51. Let n be x(-18). Calculate the highest common divisor of n and 11.
11
Let g = 10 - -12. Let p = 26 - g. Calculate the greatest common factor of p and 4.
4
Let g be (-2)/3 + 28/6. Let c be (-1 - -2)*g/2. Suppose x - 5 = -2*y - 0*y, -2*y + 30 = -4*x. What is the highest common factor of y and c?
1
Suppose 0 = -w + 2*w - 11. Suppose 2*v - w = -p, 2*p + 2*v - 19 = -v. Calculate the highest common factor of p and 10.
5
Suppose o = 4*o - 36. What is the highest common divisor of o and 4?
4
Let g(w) = -w**3 + 3*w**2 - 3*w + 2. Let v be g(2). Suppose 0 = -2*y - 2*r + 266, 4*y - y + r - 403 = v. Calculate the highest common factor of y and 54.
27
Let s(y) = y - 5. Let f be s(9). Calculate the greatest common factor of 4 and f.
4
Let f = 24 + -21. Suppose -f*l = -c + 17, -4*l - 65 = -3*c - 9*l. Calculate the highest common divisor of 100 and c.
20
Let y be (-1 + 4)/(1/18). Calculate the highest common divisor of y and 18.
18
Suppose 14 = 3*n + 2, 4*r + 2*n - 96 = 0. Let w be r*-4*(0 + -1). What is the highest common factor of w and 11?
11
Let o = 137 + -81. Calculate the highest common factor of 14 and o.
14
Let z = 0 + 21. What is the greatest common divisor of 14 and z?
7
Suppose -2*f = -0*f + 26. Let v be (-3 - f)*(-2)/(-5). Let o be (-123)/(-9) - v/6. What is the highest common factor of o and 13?
13
Suppose -4*q = 2*q - 132. Suppose 0 = -2*v - v + 2*u + 97, -3*v - 4*u = -103. What is the highest common factor of v and q?
11
Let a = 23 - 20. What is the greatest common divisor of a and 21?
3
Let w = 56 - 398. Let n be (-1)/(-3) - w/27. Calculate the greatest common divisor of 13 and n.
13
Suppose 7*l - 9*l + 2 = 0. What is the greatest common divisor of 5 and l?
1
Suppose -5*i = -6*i + 3. Suppose 2*h = 5*d - 0*h - 80, -d = -i*h - 16. Let q = d - 8. What is the highest common divisor of q and 1?
1
Let h = 33 - 2. What is the greatest common divisor of h and 62?
31
Let z = 37 + -84. Let i = z - -80. Suppose -i = -2*s - s. What is the highest common divisor of 33 and s?
11
Suppose 25 = 4*c - 23. Suppose 3*h = 8*h. Let k = 4 - h. What is the highest common factor of c and k?
4
Suppose -6*t + t + 1 = -2*h, 0 = 4*h + 3*t - 11. Suppose 0 = -h*d - 6 + 42. Calculate the highest common factor of d and 9.
9
Let r = -80 + 112. Let z = r + 76. Let o be (-19)/(-3 + 2) + -1. Calculate the greatest common divisor of z and o.
18
Let w = 1 - -4. Suppose 3*g - 2*x = x + 72, 4*g = -w*x + 69. Suppose 3*r - 16 = -t, -3*t - 4*r + g = -37. Calculate the highest common factor of t and 11.
11
Let a(s) = -46*s**2 + 1. Let r be a(-1). Let f be (4/4 - 4)*r. What is the highest common divisor of f and 15?
15
Let g = -37 + 61. Calculate the greatest common factor of 60 and g.
12
Suppose -5*t + 0 = -25. Suppose t*m - 75 = 75. Let z(b) = -b**2 - 7*b. Let c be z(-3). What is the highest common factor of c and m?
6
Let c be ((-3)/(-2))/(45/(-24))*-30. What is the highest common factor of c and 216?
24
Suppose 0*g = -5*g + 15. What is the highest common factor of g and 33?
3
Suppose 2*b + 16 - 86 = 0. Let c = b + -25. Let s(t) = 6*t - 3. Let m be s(3). Calculate the highest common divisor of m and c.
5
Let z be 10/(-6) - (-20)/30. Let q = z + 17. Calculate the greatest common divisor of q and 4.
4
Suppose 3*z - 181 - 14 = 0. What is the greatest common factor of 26 and z?
13
Suppose 2*p + 5*h = 3, -7*h + 2*h - 3 = 3*p. Let t be -2 + (-2 + 2 - p). Suppose 0 = -m - m + 56. Calculate the highest common divisor of t and m.
4
Let j(q) = q**3 + 13*q**2 + 10*q + 1. Let f be j(-12). Calculate the greatest common factor of f and 10.
5
Suppose 0 = -t + 4*t - 30. What is the greatest common divisor of 70 and t?
10
Suppose 0 = 2*c + 4*w + 2, 0 = -c + 3*w + 10 + 4. Let h = 2 + -2. Suppose -4*m - 20 = -h*m, -2*v = 5*m - 65. Calculate the greatest common factor of v and c.
5
Let y be (-3)/(8/(-10) + 1). Let q(g) = -g**3 - 14*g**2 + 13*g - 15. Let t be q(y). What is the high